{"id":2485,"date":"2024-10-15T11:51:11","date_gmt":"2024-10-15T04:51:11","guid":{"rendered":"https:\/\/airplaycar.com\/?post_type=product&#038;p=2485"},"modified":"2025-06-17T08:03:09","modified_gmt":"2025-06-17T01:03:09","slug":"domostick-4g-stick4g-ho-tro-sms-qua-sim","status":"publish","type":"product","link":"https:\/\/airplaycar.com\/index.php\/product\/domostick-4g-stick4g-ho-tro-sms-qua-sim\/","title":{"rendered":"DomoStick 4G ch\u1ea1y Openwrt"},"content":{"rendered":"<p>USB 4G \u0111\u00e3 \u0111\u01b0\u1ee3c ch\u1ea1y l\u1ea1i firmware Openwrt<\/p>\n<p>K\u1ebft n\u1ed1i: Wifi 2.4Ghz, h\u1ed7 tr\u1ee3 g\u1eedi tin nh\u1eafn SMS qua simcard<\/p>\n<p>S\u1ea3n ph\u1ea9m c\u00e0i \u0111\u1eb7t s\u1eb5n:<\/p>\n<ul>\n<li>Domoticz-2023.2<\/li>\n<li>Filebrowser v2.23.0<\/li>\n<li>noAuthen MQTT Server<\/li>\n<li>Remote Home Automation (truy c\u1eadp t\u1eeb xa qua t\u00ean mi\u1ec1n <a href=\"https:\/\/tinymation.com\">tinymation.com<\/a>\/ <a href=\"https:\/\/hass.day\">hass.day<\/a>)<\/li>\n<li>Zerotier v1.12.2<\/li>\n<li>SMSLog (Fake Clickatell Api support)<\/li>\n<li>Internet Detector (support Email)<\/li>\n<li>Uptime-Kuma qua Docker<\/li>\n<\/ul>\n<p>S\u1eed d\u1ee5ng ngu\u1ed3n USB 5V1A<\/p>\n<p>&nbsp;<\/p>\n<p>&nbsp;<\/p>\n","protected":false},"excerpt":{"rendered":"<p>S\u1ea3n ph\u1ea9m bao g\u1ed3m:<\/p>\n<ul>\n<li>USB Stick 4G ch\u1ea1y firmware Openwrt (h\u1ed7 tr\u1ee3 simcard Viettel 4G)<\/li>\n<li>C\u1ee5c ngu\u1ed3n adapter 5V1A (<strong>t\u1eb7ng k\u00e8m<\/strong>)<\/li>\n<\/ul>\n<p><strong>L\u01b0u \u00fd:<\/strong> s\u1ea3n ph\u1ea9m kh\u00f4ng bao g\u1ed3m simcard. DomoStick 4g ch\u1ec9 s\u1eed d\u1ee5ng s\u00f3ng 4G \u0111\u1ec3 g\u1eedi tin nh\u1eafn SMS (<strong>kh\u00f4ng h\u1ed7 tr\u1ee3 k\u1ebft n\u1ed1i internet\/data qua s\u00f3ng 4G<\/strong>)<\/p>\n<p>Tham kh\u1ea3o th\u00eam <a href=\"https:\/\/airplaycar.com\/index.php\/knowledge-base\/category\/usb4g\/\">h\u01b0\u1edbng d\u1eabn s\u1eed d\u1ee5ng t\u1ea1i \u0111\u00e2y<\/a>.<\/p>\n<p>&nbsp;<\/p>\n","protected":false},"featured_media":2486,"template":"","meta":[],"product_cat":[57],"product_tag":[],"_links":{"self":[{"href":"https:\/\/airplaycar.com\/index.php\/wp-json\/wp\/v2\/product\/2485"}],"collection":[{"href":"https:\/\/airplaycar.com\/index.php\/wp-json\/wp\/v2\/product"}],"about":[{"href":"https:\/\/airplaycar.com\/index.php\/wp-json\/wp\/v2\/types\/product"}],"wp:featuredmedia":[{"embeddable":true,"href":"https:\/\/airplaycar.com\/index.php\/wp-json\/wp\/v2\/media\/2486"}],"wp:attachment":[{"href":"https:\/\/airplaycar.com\/index.php\/wp-json\/wp\/v2\/media?parent=2485"}],"wp:term":[{"taxonomy":"product_cat","embeddable":true,"href":"https:\/\/airplaycar.com\/index.php\/wp-json\/wp\/v2\/product_cat?post=2485"},{"taxonomy":"product_tag","embeddable":true,"href":"https:\/\/airplaycar.com\/index.php\/wp-json\/wp\/v2\/product_tag?post=2485"}],"curies":[{"name":"wp","href":"https:\/\/api.w.org\/{rel}","templated":true}]}}